of w and i?
14
Suppose 4*z - 2 = 14. Suppose 4*c + 10 = -y, 0*y - 2*c + 2 = z*y. Let x = -44 - -45. What is the highest common factor of x and y?
1
Suppose -2*d + 6*d = 148. Suppose 0 = -3*t + 4*q - 5*q + 111, 4*t - 148 = -5*q. Calculate the highest common divisor of t and d.
37
Let b(n) = -n**2 + 21*n - 12. Let o be b(20). Suppose 3*i - 5*l = 130, -2*i - 4*l + 86 = -o*l. Calculate the greatest common divisor of i and 405.
45
Suppose 3*w + 298 - 406 = 0. Calculate the greatest common factor of w and 774.
18
Suppose 42*z - 41*z - 16 = 0. What is the highest common factor of 64 and z?
16
Let a(d) be the second derivative of -d**5/20 + 7*d**4/6 + 5*d**3/2 + 8*d**2 - 11*d. Let j be a(15). What is the highest common divisor of j and 2?
2
Let m(y) = 13*y**3 - 1. Let w be m(1). Suppose 19*u = 14*u + 480. What is the highest common divisor of w and u?
12
Let v(o) = 13*o + 5. Let m be v(4). Let a = -14 + 15. Let p be (-115)/(-3) + a/(-3). Calculate the highest common factor of p and m.
19
Let b be 4 + -3 + (-7)/3*-6. Let k(j) = 13*j**2 + 5*j + 3. Let y be k(-3). Calculate the greatest common factor of y and b.
15
Let w(s) = 6*s**3 - 22*s**2 + 34*s + 22. Let a be w(7). What is the greatest common divisor of a and 40?
40
Suppose 136 = 3*b - 392. Let y be (9/(-6))/(3/(-4)). Suppose -y*o + 7 = -5*c, -3*o = -5*o - c + 37. Calculate the greatest common factor of o and b.
16
Suppose -5*c - 19*y + 110 = -17*y, -3*c + 3*y = -66. Calculate the highest common divisor of 506 and c.
22
Let g = 101 - -227. Calculate the greatest common factor of g and 8.
8
Let p(q) = q**3 - 18*q**2 + 8. Let f be p(18). Suppose f*v = 2*v + 1584. Calculate the highest common divisor of 33 and v.
33
Suppose i - 3*f + 0*f = -6, -i - 4*f + 15 = 0. Suppose 0 = -s - i*s. Let t = s - -1. Calculate the greatest common divisor of t and 8.
1
Let c be 5 - 2 - (-86 + 3 - -2). Calculate the greatest common factor of 63 and c.
21
Let w be 25 - 20 - (-38 + -1). What is the highest common factor of 253 and w?
11
Let x be (13/26)/((-1)/(-36)). What is the greatest common factor of x and 540?
18
Let t(h) = h + 13. Let f be t(0). Let i be 4*(-39)/(-12) - (-3 + 1). Let k = i - f. What is the greatest common factor of 22 and k?
2
Let r(d) = -d**2 - 5*d - 2. Let u be r(-3). Let k be (2/u)/((-4)/(-40)). Suppose k*i = i + 144. What is the greatest common factor of i and 24?
12
Suppose 0 = 26*m - 7*m - 3040. Calculate the greatest common divisor of m and 50.
10
Let m be (-21)/(-28) - 1402/(-8). Let z be (1 - -1) + (-3 - -6). Suppose -z*w + 29 = -81. Calculate the highest common factor of w and m.
22
Let u = 26 - 35. Let r(g) = g**2 + 4*g - 2. Let d be r(-6). Let s = u + d. What is the highest common factor of s and 3?
1
Suppose 0 = -7*g - 9*g + 864. Calculate the greatest common factor of 81 and g.
27
Let k = 321 - 224. Suppose 0 = -6*q + k - 1. Let y(l) = -48*l. Let h be y(-3). Calculate the greatest common divisor of h and q.
16
Suppose -76*n + 52*n = 336. Let y(p) be the third derivative of -p**4/8 - 5*p**3 - p**2. Let f be y(n). Calculate the highest common divisor of 60 and f.
12
Let x be 0/(-7) + 10 + 330. Calculate the highest common factor of 12 and x.
4
Let y be 1 + 0 + (-3 - -7). Suppose g = 2*g - y. Calculate the highest common divisor of 40 and g.
5
Let b(m) = -59*m + 1210. Let f be b(17). Suppose 23 = d - 0*d. What is the highest common divisor of d and f?
23
Let h(a) = 5*a + 155. Let o be h(-25). Let j(v) = -165*v. Let d be j(-2). What is the highest common divisor of o and d?
30
Let j be (-2)/23 - 144/(-69). What is the greatest common factor of j and 26?
2
Let i be 5*((-4)/(-6) - 1072/(-120)). Calculate the greatest common factor of i and 60.
12
Let x = 10 - 6. Let s = -10 + x. Let c be (9/s)/1*-6. Calculate the greatest common factor of 72 and c.
9
Let y = 675 - 405. Calculate the highest common divisor of y and 216.
54
Let q(i) = 2*i**2 - 3*i - 16. Let m be q(7). Suppose m - 5 = 7*z. What is the greatest common factor of z and 20?
4
Let u(f) = -2*f**3 - 13*f**2 + 6*f - 4. Let a be u(-7). Suppose 0 = -2*y - a*y + 75. Calculate the greatest common divisor of 6 and y.
3
Suppose 0 = 2812*m - 2801*m - 3036. What is the greatest common divisor of 84 and m?
12
Let p(h) = -h**3 + 4*h**2 - 8*h + 7. Let r be p(6). Let t = 107 - r. Calculate the highest common factor of t and 22.
22
Suppose 3*z = 6, 2*z + 2*z = 5*w - 5122. What is the greatest common factor of w and 228?
114
Suppose 2*f + 2*f - 100 = 0. Suppose 0 = -22*h - 0*h + 220. What is the greatest common divisor of f and h?
5
Suppose -4*n + 14*n = 30. What is the highest common factor of 33 and n?
3
Let g(l) = -17*l - 9. Suppose -3 = -3*w - 3*a, 2*a - 5 = 4*w + 3. Let b be g(w). What is the greatest common divisor of 56 and b?
8
Let w(o) = 4*o - 15. Let g be w(10). Let t = 10 - g. Let y be 1 - (-2 + 3)*t. Calculate the highest common factor of y and 128.
16
Let t be ((16 + -7)/(-9))/((-1)/6). Let x(k) = -k**3 + 15*k**2 + 34*k + 12. Let z be x(17). Calculate the greatest common divisor of t and z.
6
Suppose 22*c - 2548 = 8*c. What is the highest common factor of 112 and c?
14
Let s(m) = -8*m + 8. Let l be s(-5). What is the greatest common factor of 16 and l?
16
Let h = -7860 + 7867. Let m = 2 - 1. What is the greatest common factor of h and m?
1
Suppose 2*z + m = 2*m + 558, z - m - 280 = 0. Suppose f = 4*d + 119, 2*d - z = -2*f - 0*d. What is the highest common divisor of 27 and f?
27
Let q be 1*(133 - 0 - 4). Suppose -q*k = -134*k + 1260. What is the greatest common factor of k and 28?
28
Let o(s) = 2*s**2 + 6*s - 11. Let p be o(5). Suppose -2*y + p = 9. Calculate the highest common factor of y and 30.
30
Let y be (23 + -25)/(1/(-2)*4). Calculate the highest common divisor of y and 43.
1
Let r be (0 - 3)/(15/(-20)). Let b be -189*(r/6 + -1). What is the highest common divisor of b and 21?
21
Suppose -2*c - 3*w + 2 + 24 = 0, -5*w - 13 = -c. Let i = c - -12. What is the greatest common divisor of 175 and i?
25
Let t be (14/(-35))/(4/(-70)). Let o be 569/t - (0 - 2/(-7)). What is the greatest common divisor of o and 9?
9
Let s be (2 - 1)*(-30)/(-6). Suppose -s*c = -6 - 19. Suppose c*q - 101 = 5*z - 36, 3*q - 4*z = 36. Calculate the greatest common factor of 64 and q.
16
Let y be 2/(-10) + ((-35)/25)/(-7). Suppose y*t = 17*t - 1309. What is the highest common factor of t and 11?
11
Let n(l) = -l**2 + 72*l + 896. Let m be n(82). Let z(v) = v**2 + v + 19. Let d be z(0). Calculate the greatest common factor of m and d.
19
Let c be (12/(-10))/(12/(-20)). Calculate the greatest common factor of c and 5.
1
Let v(q) = 2*q + 5. Let s be v(0). Suppose 15 = 3*z, s*o - 5*z - 1770 = -10*z. Let n = -195 + o. What is the highest common factor of n and 14?
14
Suppose 0 = p - 5, p = d + d - 55. Suppose -3*c - 24 = -2*b, -2 = -2*c + 2. What is the greatest common divisor of d and b?
15
Let s = 1267 + -1195. Let j(g) = -9*g. Let d be j(-1). Calculate the highest common divisor of d and s.
9
Suppose 3*k + 2*k + 3*i = 59, 2*k - 17 = i. Suppose 4*w - 12 = 0, -2*d - w + 30 = d. Suppose k*x = d*x + 13. Calculate the highest common factor of 65 and x.
13
Let t be 2384/112 - (-2)/(-7). Suppose -5*l + 2*l = -t. Calculate the highest common factor of l and 1.
1
Let d(k) = 30 - 4*k + 31 - 66. Let x be d(13). Let u be (45/2)/(x/(-380)). What is the greatest common factor of 25 and u?
25
Suppose -4*j + l + 223 = 0, -2*j + 5*l = -j - 51. Suppose -5*b = 3*q - j, 0*q = 4*q + 3*b - 60. Let x = 16 - q. Calculate the highest common divisor of x and 1.
1
Suppose -6*h + 12 = -5*h. Suppose -3*k = -8 - 4. What is the highest common divisor of k and h?
4
Let d = 87 - 18. Calculate the highest common factor of 23 and d.
23
Let j(z) = -z**3 - 8*z**2 + 14*z + 8. Let a be j(-10). Suppose -a = -5*m + t - 4*t, 32 = m - 4*t. Calculate the greatest common divisor of 4 and m.
4
Suppose -y = 4*p - 340, 85 = p - 4*y + 11*y. Suppose 15 = q - 34. Let l = p - q. What is the highest common divisor of l and 54?
18
Let z be 0/(-1) - 6/6*1. Let a be (0 - (-3)/z) + 33. Calculate the greatest common factor of 120 and a.
30
Let y(i) = -i**3 + 6*i**2 + 5*i + 2. Let n be y(6). Let l = n - 8. What is the highest common factor of 6 and l?
6
Suppose 3*j + 2*f - 64 = -2*j, -f = 3. Calculate the greatest commo